{"id":131,"date":"2022-12-11T18:08:28","date_gmt":"2022-12-11T17:08:28","guid":{"rendered":"http:\/\/artmonia.fr\/?page_id=131"},"modified":"2023-05-02T12:37:20","modified_gmt":"2023-05-02T10:37:20","slug":"blog","status":"publish","type":"page","link":"https:\/\/artmonia.fr\/?page_id=131","title":{"rendered":"Blog"},"content":{"rendered":"<p>[et_pb_section fb_built=\u00a0\u00bb1&Prime; admin_label=\u00a0\u00bbHeader\u00a0\u00bb _builder_version=\u00a0\u00bb4.18.0&Prime; _module_preset=\u00a0\u00bbdefault\u00a0\u00bb use_background_color_gradient=\u00a0\u00bbon\u00a0\u00bb background_color_gradient_stops=\u00a0\u00bbrgba(246,169,130,0.85) 0%|rgba(246,169,130,0.85) 100%\u00a0\u00bb background_color_gradient_overlays_image=\u00a0\u00bbon\u00a0\u00bb background_color_gradient_start=\u00a0\u00bbrgba(210,204,252,0.86)\u00a0\u00bb background_color_gradient_end=\u00a0\u00bb#d2ccfc\u00a0\u00bb background_image=\u00a0\u00bbhttp:\/\/artmonia.fr\/wp-content\/uploads\/2022\/12\/DSC07664-01.jpeg\u00a0\u00bb custom_padding=\u00a0\u00bb4vw||4vw||true|false\u00a0\u00bb global_colors_info=\u00a0\u00bb{}\u00a0\u00bb][et_pb_row _builder_version=\u00a0\u00bb4.16&Prime; _module_preset=\u00a0\u00bbdefault\u00a0\u00bb global_colors_info=\u00a0\u00bb{}\u00a0\u00bb][et_pb_column type=\u00a0\u00bb4_4&Prime; _builder_version=\u00a0\u00bb4.16&Prime; _module_preset=\u00a0\u00bbdefault\u00a0\u00bb global_colors_info=\u00a0\u00bb{}\u00a0\u00bb][et_pb_text _builder_version=\u00a0\u00bb4.18.0&Prime; _module_preset=\u00a0\u00bbdefault\u00a0\u00bb header_font=\u00a0\u00bbRozha One||||||||\u00a0\u00bb header_text_align=\u00a0\u00bbleft\u00a0\u00bb header_text_color=\u00a0\u00bb#FFFFFF\u00a0\u00bb header_font_size=\u00a0\u00bb80px\u00a0\u00bb header_line_height=\u00a0\u00bb1.1em\u00a0\u00bb header_2_font=\u00a0\u00bbRoboto|700||on|||||\u00a0\u00bb header_2_text_color=\u00a0\u00bbrgba(44,44,44,0.5)\u00a0\u00bb header_2_font_size=\u00a0\u00bb12px\u00a0\u00bb header_2_letter_spacing=\u00a0\u00bb1px\u00a0\u00bb header_2_line_height=\u00a0\u00bb1.3em\u00a0\u00bb text_orientation=\u00a0\u00bbcenter\u00a0\u00bb text_font_size_tablet=\u00a0\u00bb\u00a0\u00bb text_font_size_phone=\u00a0\u00bb\u00a0\u00bb text_font_size_last_edited=\u00a0\u00bbon|desktop\u00a0\u00bb header_font_size_tablet=\u00a0\u00bb80px\u00a0\u00bb header_font_size_phone=\u00a0\u00bb55px\u00a0\u00bb header_font_size_last_edited=\u00a0\u00bbon|phone\u00a0\u00bb locked=\u00a0\u00bboff\u00a0\u00bb global_colors_info=\u00a0\u00bb{}\u00a0\u00bb]<\/p>\n<h1 style=\"text-align: center;\">Blog<\/h1>\n<p>[\/et_pb_text][\/et_pb_column][\/et_pb_row][\/et_pb_section][et_pb_section fb_built=\u00a0\u00bb1&Prime; admin_label=\u00a0\u00bbBlog\u00a0\u00bb _builder_version=\u00a0\u00bb4.17.1&Prime; _module_preset=\u00a0\u00bbdefault\u00a0\u00bb collapsed=\u00a0\u00bbon\u00a0\u00bb global_colors_info=\u00a0\u00bb{}\u00a0\u00bb][et_pb_row column_structure=\u00a0\u00bb1_2,1_2&Prime; _builder_version=\u00a0\u00bb4.17.1&Prime; _module_preset=\u00a0\u00bbdefault\u00a0\u00bb custom_padding=\u00a0\u00bb||0px|||\u00a0\u00bb global_colors_info=\u00a0\u00bb{}\u00a0\u00bb][et_pb_column type=\u00a0\u00bb1_2&Prime; _builder_version=\u00a0\u00bb4.17.1&Prime; _module_preset=\u00a0\u00bbdefault\u00a0\u00bb global_colors_info=\u00a0\u00bb{}\u00a0\u00bb][et_pb_blog posts_number=\u00a0\u00bb1&Prime; show_more=\u00a0\u00bbon\u00a0\u00bb show_author=\u00a0\u00bboff\u00a0\u00bb show_pagination=\u00a0\u00bboff\u00a0\u00bb _builder_version=\u00a0\u00bb4.18.0&Prime; _module_preset=\u00a0\u00bbc89fe81b-3a1e-44ca-8a8a-34ae69d301e5&Prime; header_font=\u00a0\u00bbRozha One|600|||||||\u00a0\u00bb header_text_color=\u00a0\u00bb#003049&Prime; header_font_size=\u00a0\u00bb40px\u00a0\u00bb header_line_height=\u00a0\u00bb1.2em\u00a0\u00bb body_font=\u00a0\u00bbRoboto|300|||||||\u00a0\u00bb body_text_color=\u00a0\u00bb#22434A\u00a0\u00bb body_font_size=\u00a0\u00bb16px\u00a0\u00bb body_line_height=\u00a0\u00bb1.8em\u00a0\u00bb meta_font=\u00a0\u00bbRoboto|600|||||||\u00a0\u00bb meta_text_color=\u00a0\u00bb#F6A982&Prime; meta_line_height=\u00a0\u00bb1.8em\u00a0\u00bb read_more_font=\u00a0\u00bbRoboto|500|||||||\u00a0\u00bb read_more_text_color=\u00a0\u00bb#EE7373&Prime; pagination_font=\u00a0\u00bbInter|600|||||||\u00a0\u00bb pagination_text_color=\u00a0\u00bb#2E5B61&Prime; header_font_size_tablet=\u00a0\u00bb\u00a0\u00bb header_font_size_phone=\u00a0\u00bb\u00a0\u00bb header_font_size_last_edited=\u00a0\u00bbon|tablet\u00a0\u00bb body_font_size_tablet=\u00a0\u00bb16px\u00a0\u00bb body_font_size_phone=\u00a0\u00bb14px\u00a0\u00bb body_font_size_last_edited=\u00a0\u00bboff|desktop\u00a0\u00bb global_colors_info=\u00a0\u00bb{}\u00a0\u00bb][\/et_pb_blog][\/et_pb_column][et_pb_column type=\u00a0\u00bb1_2&Prime; _builder_version=\u00a0\u00bb4.17.1&Prime; _module_preset=\u00a0\u00bbdefault\u00a0\u00bb global_colors_info=\u00a0\u00bb{}\u00a0\u00bb][et_pb_blog posts_number=\u00a0\u00bb1&Prime; show_more=\u00a0\u00bbon\u00a0\u00bb show_author=\u00a0\u00bboff\u00a0\u00bb show_pagination=\u00a0\u00bboff\u00a0\u00bb offset_number=\u00a0\u00bb1&Prime; _builder_version=\u00a0\u00bb4.18.0&Prime; _module_preset=\u00a0\u00bbc89fe81b-3a1e-44ca-8a8a-34ae69d301e5&Prime; header_font=\u00a0\u00bbRozha One|600|||||||\u00a0\u00bb header_text_color=\u00a0\u00bb#003049&Prime; header_font_size=\u00a0\u00bb40px\u00a0\u00bb header_line_height=\u00a0\u00bb1.2em\u00a0\u00bb body_font=\u00a0\u00bbRoboto|300|||||||\u00a0\u00bb body_text_color=\u00a0\u00bb#22434A\u00a0\u00bb body_font_size=\u00a0\u00bb16px\u00a0\u00bb body_line_height=\u00a0\u00bb1.8em\u00a0\u00bb meta_font=\u00a0\u00bbRoboto|600|||||||\u00a0\u00bb meta_text_color=\u00a0\u00bb#F6A982&Prime; meta_line_height=\u00a0\u00bb1.8em\u00a0\u00bb read_more_font=\u00a0\u00bb|600|||||||\u00a0\u00bb read_more_text_color=\u00a0\u00bb#EE7373&Prime; pagination_font=\u00a0\u00bbInter|600|||||||\u00a0\u00bb pagination_text_color=\u00a0\u00bb#2E5B61&Prime; header_font_size_tablet=\u00a0\u00bb25px\u00a0\u00bb header_font_size_phone=\u00a0\u00bb18px\u00a0\u00bb header_font_size_last_edited=\u00a0\u00bbon|phone\u00a0\u00bb body_font_size_tablet=\u00a0\u00bb16px\u00a0\u00bb body_font_size_phone=\u00a0\u00bb14px\u00a0\u00bb body_font_size_last_edited=\u00a0\u00bboff|desktop\u00a0\u00bb locked=\u00a0\u00bboff\u00a0\u00bb global_colors_info=\u00a0\u00bb{}\u00a0\u00bb][\/et_pb_blog][\/et_pb_column][\/et_pb_row][et_pb_row _builder_version=\u00a0\u00bb4.18.0&Prime; _module_preset=\u00a0\u00bbdefault\u00a0\u00bb custom_margin_tablet=\u00a0\u00bb51px||||false|false\u00a0\u00bb custom_margin_phone=\u00a0\u00bb51px||||false|false\u00a0\u00bb custom_margin_last_edited=\u00a0\u00bbon|tablet\u00a0\u00bb custom_padding=\u00a0\u00bb0px|||||\u00a0\u00bb global_colors_info=\u00a0\u00bb{}\u00a0\u00bb][et_pb_column type=\u00a0\u00bb4_4&Prime; _builder_version=\u00a0\u00bb4.17.1&Prime; _module_preset=\u00a0\u00bbdefault\u00a0\u00bb global_colors_info=\u00a0\u00bb{}\u00a0\u00bb][et_pb_post_slider posts_number=\u00a0\u00bb3&Prime; show_more_button=\u00a0\u00bboff\u00a0\u00bb bg_overlay_color=\u00a0\u00bbrgba(246,225,225,0.5)\u00a0\u00bb offset_number=\u00a0\u00bb2&Prime; _builder_version=\u00a0\u00bb4.18.0&Prime; _module_preset=\u00a0\u00bbdefault\u00a0\u00bb header_font=\u00a0\u00bbRozha One|600|||||||\u00a0\u00bb header_text_color=\u00a0\u00bb#FFFFFF\u00a0\u00bb header_font_size=\u00a0\u00bb40px\u00a0\u00bb header_line_height=\u00a0\u00bb1.2em\u00a0\u00bb body_font=\u00a0\u00bbRoboto||||||||\u00a0\u00bb body_text_color=\u00a0\u00bb#FFFFFF\u00a0\u00bb body_font_size=\u00a0\u00bb18px\u00a0\u00bb body_line_height=\u00a0\u00bb1.8em\u00a0\u00bb meta_font=\u00a0\u00bbInter|600|||||||\u00a0\u00bb meta_text_color=\u00a0\u00bb#E1ECEA\u00a0\u00bb meta_font_size=\u00a0\u00bb14px\u00a0\u00bb meta_line_height=\u00a0\u00bb1.8em\u00a0\u00bb background_enable_color=\u00a0\u00bboff\u00a0\u00bb use_background_color_gradient=\u00a0\u00bbon\u00a0\u00bb background_color_gradient_stops=\u00a0\u00bbrgba(246,225,225,0.5) 0%|rgba(246,225,225,0.5) 100%\u00a0\u00bb background_color_gradient_overlays_image=\u00a0\u00bbon\u00a0\u00bb body_font_size_tablet=\u00a0\u00bb16px\u00a0\u00bb body_font_size_phone=\u00a0\u00bb15px\u00a0\u00bb body_font_size_last_edited=\u00a0\u00bbon|phone\u00a0\u00bb global_colors_info=\u00a0\u00bb{}\u00a0\u00bb][\/et_pb_post_slider][\/et_pb_column][\/et_pb_row][et_pb_row _builder_version=\u00a0\u00bb4.17.3&Prime; _module_preset=\u00a0\u00bbdefault\u00a0\u00bb global_colors_info=\u00a0\u00bb{}\u00a0\u00bb][et_pb_column type=\u00a0\u00bb4_4&Prime; _builder_version=\u00a0\u00bb4.17.1&Prime; _module_preset=\u00a0\u00bbdefault\u00a0\u00bb global_colors_info=\u00a0\u00bb{}\u00a0\u00bb][et_pb_blog fullwidth=\u00a0\u00bboff\u00a0\u00bb posts_number=\u00a0\u00bb3&Prime; show_more=\u00a0\u00bbon\u00a0\u00bb show_author=\u00a0\u00bboff\u00a0\u00bb _builder_version=\u00a0\u00bb4.18.0&Prime; _module_preset=\u00a0\u00bbc89fe81b-3a1e-44ca-8a8a-34ae69d301e5&Prime; header_font=\u00a0\u00bbRozha One|600|||||||\u00a0\u00bb header_text_color=\u00a0\u00bb#003049&Prime; header_font_size=\u00a0\u00bb24px\u00a0\u00bb body_font=\u00a0\u00bbRoboto|300|||||||\u00a0\u00bb body_text_color=\u00a0\u00bb#22434A\u00a0\u00bb body_line_height=\u00a0\u00bb1.8em\u00a0\u00bb meta_font=\u00a0\u00bbInter|600|||||||\u00a0\u00bb meta_text_color=\u00a0\u00bb#F6A982&Prime; meta_line_height=\u00a0\u00bb1.8em\u00a0\u00bb read_more_font=\u00a0\u00bb|600|||||||\u00a0\u00bb read_more_text_color=\u00a0\u00bb#EE7373&Prime; pagination_font=\u00a0\u00bbInter|600|||||||\u00a0\u00bb pagination_text_color=\u00a0\u00bb#2E5B61&Prime; custom_padding=\u00a0\u00bb||||false|false\u00a0\u00bb header_font_size_tablet=\u00a0\u00bb24px\u00a0\u00bb header_font_size_phone=\u00a0\u00bb24px\u00a0\u00bb header_font_size_last_edited=\u00a0\u00bbon|tablet\u00a0\u00bb body_font_size_tablet=\u00a0\u00bb14px\u00a0\u00bb body_font_size_phone=\u00a0\u00bb\u00a0\u00bb body_font_size_last_edited=\u00a0\u00bbon|tablet\u00a0\u00bb locked=\u00a0\u00bboff\u00a0\u00bb global_colors_info=\u00a0\u00bb{}\u00a0\u00bb][\/et_pb_blog][\/et_pb_column][\/et_pb_row][\/et_pb_section][et_pb_section fb_built=\u00a0\u00bb1&Prime; admin_label=\u00a0\u00bbFooter\u00a0\u00bb _builder_version=\u00a0\u00bb4.18.0&Prime; _module_preset=\u00a0\u00bbdefault\u00a0\u00bb background_color=\u00a0\u00bb#F6A982&Prime; custom_margin=\u00a0\u00bb||||true|false\u00a0\u00bb custom_padding=\u00a0\u00bb24px||24px||true|false\u00a0\u00bb saved_tabs=\u00a0\u00bball\u00a0\u00bb global_colors_info=\u00a0\u00bb{}\u00a0\u00bb][et_pb_row column_structure=\u00a0\u00bb1_3,1_3,1_3&Prime; _builder_version=\u00a0\u00bb4.16&Prime; _module_preset=\u00a0\u00bbdefault\u00a0\u00bb custom_margin=\u00a0\u00bb||||false|false\u00a0\u00bb custom_padding=\u00a0\u00bb||||false|false\u00a0\u00bb global_colors_info=\u00a0\u00bb{}\u00a0\u00bb][et_pb_column type=\u00a0\u00bb1_3&Prime; _builder_version=\u00a0\u00bb4.16&Prime; _module_preset=\u00a0\u00bbdefault\u00a0\u00bb global_colors_info=\u00a0\u00bb{}\u00a0\u00bb][et_pb_image src=\u00a0\u00bbhttp:\/\/artmonia.fr\/wp-content\/uploads\/2023\/05\/Icone-Artmonia.png\u00a0\u00bb alt=\u00a0\u00bbArtmonia\u00a0\u00bb title_text=\u00a0\u00bbArtmonia\u00a0\u00bb _builder_version=\u00a0\u00bb4.18.0&Prime; _module_preset=\u00a0\u00bbdefault\u00a0\u00bb width=\u00a0\u00bb35%\u00a0\u00bb width_tablet=\u00a0\u00bb25%\u00a0\u00bb width_phone=\u00a0\u00bb41%\u00a0\u00bb width_last_edited=\u00a0\u00bbon|desktop\u00a0\u00bb hover_enabled=\u00a0\u00bb0&Prime; global_colors_info=\u00a0\u00bb{}\u00a0\u00bb sticky_enabled=\u00a0\u00bb0&Prime;][\/et_pb_image][et_pb_text _builder_version=\u00a0\u00bb4.18.0&Prime; _module_preset=\u00a0\u00bbfb3d65bf-a8b3-4897-95f4-4b2325e4d896&Prime; text_text_color=\u00a0\u00bb#003049&Prime; text_line_height=\u00a0\u00bb1.8em\u00a0\u00bb link_text_color=\u00a0\u00bb#003049&Prime; header_text_color=\u00a0\u00bb#003049&Prime; text_font_size_tablet=\u00a0\u00bb15px\u00a0\u00bb text_font_size_phone=\u00a0\u00bb14px\u00a0\u00bb text_font_size_last_edited=\u00a0\u00bboff|desktop\u00a0\u00bb locked=\u00a0\u00bboff\u00a0\u00bb global_colors_info=\u00a0\u00bb{}\u00a0\u00bb]<\/p>\n<p><span style=\"text-decoration: underline;\"><a href=\"http:\/\/artmonia.fr\">Accueil<\/a><\/span><br \/><span style=\"text-decoration: underline;\"><a href=\"http:\/\/artmonia.fr\/?page_id=131\">Blog<\/a><\/span><br \/><span style=\"text-decoration: underline;\"><a href=\"http:\/\/artmonia.fr\/?page_id=290\">Mentions l\u00e9gales<\/a><\/span><\/p>\n<p>[\/et_pb_text][et_pb_text disabled_on=\u00a0\u00bbon|on|off\u00a0\u00bb _builder_version=\u00a0\u00bb4.18.0&Prime; _module_preset=\u00a0\u00bbdefault\u00a0\u00bb text_text_color=\u00a0\u00bb#003049&Prime; text_font_size=\u00a0\u00bb12px\u00a0\u00bb link_text_color=\u00a0\u00bb#003049&Prime; global_colors_info=\u00a0\u00bb{}\u00a0\u00bb]<\/p>\n<p>Site r\u00e9alis\u00e9 par <span style=\"text-decoration: underline;\"><a href=\"https:\/\/www.instagram.com\/_bonjourstudio\/\" target=\"_blank\" rel=\"noopener\">Bonjour Studio<\/a><\/span><\/p>\n<p>[\/et_pb_text][\/et_pb_column][et_pb_column type=\u00a0\u00bb1_3&Prime; _builder_version=\u00a0\u00bb4.16&Prime; _module_preset=\u00a0\u00bbdefault\u00a0\u00bb global_colors_info=\u00a0\u00bb{}\u00a0\u00bb][et_pb_text _builder_version=\u00a0\u00bb4.18.0&Prime; _module_preset=\u00a0\u00bbdefault\u00a0\u00bb text_font=\u00a0\u00bb||||||||\u00a0\u00bb text_text_color=\u00a0\u00bbrgba(0,0,0,0.6)\u00a0\u00bb link_text_color=\u00a0\u00bbrgba(0,0,0,0.6)\u00a0\u00bb header_3_font=\u00a0\u00bbRoboto|500|||||||\u00a0\u00bb header_3_text_color=\u00a0\u00bb#32311e\u00a0\u00bb header_3_font_size=\u00a0\u00bb18px\u00a0\u00bb header_3_line_height=\u00a0\u00bb1.3em\u00a0\u00bb link_option_url=\u00a0\u00bb#\u00a0\u00bb header_3_font_size_tablet=\u00a0\u00bb16px\u00a0\u00bb header_3_font_size_phone=\u00a0\u00bb16px\u00a0\u00bb header_3_font_size_last_edited=\u00a0\u00bbon|phone\u00a0\u00bb global_colors_info=\u00a0\u00bb{}\u00a0\u00bb link_text_color__hover_enabled=\u00a0\u00bbon|desktop\u00a0\u00bb link_text_color__hover=\u00a0\u00bb#000000&Prime;]<\/p>\n<h3>Coordonn\u00e9es<\/h3>\n<p>Lorem ipsum dolor sit amet, consectetur adipiscing elit. Integer malesuada efficitur consequat.<\/p>\n<p>[\/et_pb_text][\/et_pb_column][et_pb_column type=\u00a0\u00bb1_3&Prime; _builder_version=\u00a0\u00bb4.16&Prime; _module_preset=\u00a0\u00bbdefault\u00a0\u00bb global_colors_info=\u00a0\u00bb{}\u00a0\u00bb][et_pb_text _builder_version=\u00a0\u00bb4.18.0&Prime; _module_preset=\u00a0\u00bbdefault\u00a0\u00bb text_font=\u00a0\u00bbRoboto||||||||\u00a0\u00bb text_text_color=\u00a0\u00bbrgba(0,0,0,0.6)\u00a0\u00bb link_text_color=\u00a0\u00bbrgba(0,0,0,0.6)\u00a0\u00bb header_3_font=\u00a0\u00bbRoboto|500|||||||\u00a0\u00bb header_3_text_color=\u00a0\u00bb#32311e\u00a0\u00bb header_3_font_size=\u00a0\u00bb18px\u00a0\u00bb header_3_line_height=\u00a0\u00bb1.3em\u00a0\u00bb link_option_url=\u00a0\u00bb#https:\/\/instagram.com\/artmoniayoga?igshid=YmMyMTA2M2Y=\u00a0\u00bb header_3_font_size_tablet=\u00a0\u00bb16px\u00a0\u00bb header_3_font_size_phone=\u00a0\u00bb16px\u00a0\u00bb header_3_font_size_last_edited=\u00a0\u00bbon|phone\u00a0\u00bb locked=\u00a0\u00bboff\u00a0\u00bb global_colors_info=\u00a0\u00bb{}\u00a0\u00bb link_text_color__hover=\u00a0\u00bb#000000&Prime; link_text_color__hover_enabled=\u00a0\u00bbon|desktop\u00a0\u00bb]<\/p>\n<h3>Retrouvez-moi sur les r\u00e9seaux sociaux<\/h3>\n<p><img loading=\"lazy\" decoding=\"async\" src=\"http:\/\/artmonia.fr\/wp-content\/uploads\/2022\/12\/Facebook-300x298.png\" width=\"32\" height=\"32\" alt=\"Facebook\" class=\"wp-image-56 alignnone size-medium\" \/>\u00a0 \u00a0<a href=\"https:\/\/www.instagram.com\/artmoniayoga\/?hl=fr\" target=\"_blank\" rel=\"noopener\"><img loading=\"lazy\" decoding=\"async\" src=\"http:\/\/artmonia.fr\/wp-content\/uploads\/2022\/12\/Instagram-300x300.png\" width=\"34\" height=\"34\" alt=\"Instagram\" class=\"wp-image-57 alignnone size-medium\" \/><\/a><\/p>\n<p>[\/et_pb_text][et_pb_text disabled_on=\u00a0\u00bboff|off|on\u00a0\u00bb _builder_version=\u00a0\u00bb4.18.0&Prime; _module_preset=\u00a0\u00bbdefault\u00a0\u00bb text_text_color=\u00a0\u00bb#003049&Prime; text_font_size=\u00a0\u00bb12px\u00a0\u00bb link_text_color=\u00a0\u00bb#003049&Prime; global_colors_info=\u00a0\u00bb{}\u00a0\u00bb]<\/p>\n<p>Site r\u00e9alis\u00e9 par <span style=\"text-decoration: underline;\"><a href=\"https:\/\/www.instagram.com\/_bonjourstudio\/\" target=\"_blank\" rel=\"noopener\">Bonjour Studio<\/a><\/span><\/p>\n<p>[\/et_pb_text][\/et_pb_column][\/et_pb_row][\/et_pb_section]<\/p>\n","protected":false},"excerpt":{"rendered":"<p>BlogAccueilBlogMentions l\u00e9galesSite r\u00e9alis\u00e9 par Bonjour StudioCoordonn\u00e9es Lorem ipsum dolor sit amet, consectetur adipiscing elit. Integer malesuada efficitur consequat.Retrouvez-moi sur les r\u00e9seaux sociaux \u00a0 \u00a0Site r\u00e9alis\u00e9 par Bonjour Studio<\/p>\n","protected":false},"author":1,"featured_media":0,"parent":0,"menu_order":0,"comment_status":"closed","ping_status":"closed","template":"","meta":{"_et_pb_use_builder":"on","_et_pb_old_content":"","_et_gb_content_width":"","footnotes":""},"class_list":["post-131","page","type-page","status-publish","hentry"],"yoast_head":"<!-- This site is optimized with the Yoast SEO plugin v27.4 - https:\/\/yoast.com\/product\/yoast-seo-wordpress\/ -->\n<title>Blog - Artmonia<\/title>\n<meta name=\"description\" content=\"Retrouvez dans mon blog des astuces, des conseils pour prendre soin de vous, de votre sant\u00e9 au naturel ;-)\" \/>\n<meta name=\"robots\" content=\"index, follow, max-snippet:-1, max-image-preview:large, max-video-preview:-1\" \/>\n<link rel=\"canonical\" href=\"https:\/\/artmonia.fr\/?page_id=131\" \/>\n<meta property=\"og:locale\" content=\"fr_FR\" \/>\n<meta property=\"og:type\" content=\"article\" \/>\n<meta property=\"og:title\" content=\"Blog - Artmonia\" \/>\n<meta property=\"og:description\" content=\"Retrouvez dans mon blog des astuces, des conseils pour prendre soin de vous, de votre sant\u00e9 au naturel ;-)\" \/>\n<meta property=\"og:url\" content=\"https:\/\/artmonia.fr\/?page_id=131\" \/>\n<meta property=\"og:site_name\" content=\"Artmonia\" \/>\n<meta property=\"article:modified_time\" content=\"2023-05-02T10:37:20+00:00\" \/>\n<meta property=\"og:image\" content=\"http:\/\/artmonia.fr\/wp-content\/uploads\/2022\/12\/Facebook-300x298.png\" \/>\n<meta name=\"twitter:card\" content=\"summary_large_image\" \/>\n<meta name=\"twitter:label1\" content=\"Dur\u00e9e de lecture estim\u00e9e\" \/>\n\t<meta name=\"twitter:data1\" content=\"3 minutes\" \/>\n<script type=\"application\/ld+json\" class=\"yoast-schema-graph\">{\"@context\":\"https:\\\/\\\/schema.org\",\"@graph\":[{\"@type\":\"WebPage\",\"@id\":\"https:\\\/\\\/artmonia.fr\\\/?page_id=131\",\"url\":\"https:\\\/\\\/artmonia.fr\\\/?page_id=131\",\"name\":\"Blog - Artmonia\",\"isPartOf\":{\"@id\":\"https:\\\/\\\/artmonia.fr\\\/#website\"},\"primaryImageOfPage\":{\"@id\":\"https:\\\/\\\/artmonia.fr\\\/?page_id=131#primaryimage\"},\"image\":{\"@id\":\"https:\\\/\\\/artmonia.fr\\\/?page_id=131#primaryimage\"},\"thumbnailUrl\":\"http:\\\/\\\/artmonia.fr\\\/wp-content\\\/uploads\\\/2022\\\/12\\\/Facebook-300x298.png\",\"datePublished\":\"2022-12-11T17:08:28+00:00\",\"dateModified\":\"2023-05-02T10:37:20+00:00\",\"description\":\"Retrouvez dans mon blog des astuces, des conseils pour prendre soin de vous, de votre sant\u00e9 au naturel ;-)\",\"breadcrumb\":{\"@id\":\"https:\\\/\\\/artmonia.fr\\\/?page_id=131#breadcrumb\"},\"inLanguage\":\"fr-FR\",\"potentialAction\":[{\"@type\":\"ReadAction\",\"target\":[\"https:\\\/\\\/artmonia.fr\\\/?page_id=131\"]}]},{\"@type\":\"ImageObject\",\"inLanguage\":\"fr-FR\",\"@id\":\"https:\\\/\\\/artmonia.fr\\\/?page_id=131#primaryimage\",\"url\":\"https:\\\/\\\/artmonia.fr\\\/wp-content\\\/uploads\\\/2022\\\/12\\\/Facebook.png\",\"contentUrl\":\"https:\\\/\\\/artmonia.fr\\\/wp-content\\\/uploads\\\/2022\\\/12\\\/Facebook.png\",\"width\":947,\"height\":942,\"caption\":\"Facebook\"},{\"@type\":\"BreadcrumbList\",\"@id\":\"https:\\\/\\\/artmonia.fr\\\/?page_id=131#breadcrumb\",\"itemListElement\":[{\"@type\":\"ListItem\",\"position\":1,\"name\":\"Home\",\"item\":\"https:\\\/\\\/artmonia.fr\\\/\"},{\"@type\":\"ListItem\",\"position\":2,\"name\":\"Blog\"}]},{\"@type\":\"WebSite\",\"@id\":\"https:\\\/\\\/artmonia.fr\\\/#website\",\"url\":\"https:\\\/\\\/artmonia.fr\\\/\",\"name\":\"Artmonia\",\"description\":\"Yoga, Fascias et Coaching\",\"publisher\":{\"@id\":\"https:\\\/\\\/artmonia.fr\\\/#organization\"},\"potentialAction\":[{\"@type\":\"SearchAction\",\"target\":{\"@type\":\"EntryPoint\",\"urlTemplate\":\"https:\\\/\\\/artmonia.fr\\\/?s={search_term_string}\"},\"query-input\":{\"@type\":\"PropertyValueSpecification\",\"valueRequired\":true,\"valueName\":\"search_term_string\"}}],\"inLanguage\":\"fr-FR\"},{\"@type\":\"Organization\",\"@id\":\"https:\\\/\\\/artmonia.fr\\\/#organization\",\"name\":\"Artmonia\",\"url\":\"https:\\\/\\\/artmonia.fr\\\/\",\"logo\":{\"@type\":\"ImageObject\",\"inLanguage\":\"fr-FR\",\"@id\":\"https:\\\/\\\/artmonia.fr\\\/#\\\/schema\\\/logo\\\/image\\\/\",\"url\":\"http:\\\/\\\/artmonia.fr\\\/wp-content\\\/uploads\\\/2022\\\/12\\\/Icone-Artmonia.png\",\"contentUrl\":\"http:\\\/\\\/artmonia.fr\\\/wp-content\\\/uploads\\\/2022\\\/12\\\/Icone-Artmonia.png\",\"width\":1189,\"height\":897,\"caption\":\"Artmonia\"},\"image\":{\"@id\":\"https:\\\/\\\/artmonia.fr\\\/#\\\/schema\\\/logo\\\/image\\\/\"},\"sameAs\":[\"https:\\\/\\\/www.instagram.com\\\/artmoniayoga\\\/\"]}]}<\/script>\n<!-- \/ Yoast SEO plugin. -->","yoast_head_json":{"title":"Blog - Artmonia","description":"Retrouvez dans mon blog des astuces, des conseils pour prendre soin de vous, de votre sant\u00e9 au naturel ;-)","robots":{"index":"index","follow":"follow","max-snippet":"max-snippet:-1","max-image-preview":"max-image-preview:large","max-video-preview":"max-video-preview:-1"},"canonical":"https:\/\/artmonia.fr\/?page_id=131","og_locale":"fr_FR","og_type":"article","og_title":"Blog - Artmonia","og_description":"Retrouvez dans mon blog des astuces, des conseils pour prendre soin de vous, de votre sant\u00e9 au naturel ;-)","og_url":"https:\/\/artmonia.fr\/?page_id=131","og_site_name":"Artmonia","article_modified_time":"2023-05-02T10:37:20+00:00","og_image":[{"url":"http:\/\/artmonia.fr\/wp-content\/uploads\/2022\/12\/Facebook-300x298.png","type":"","width":"","height":""}],"twitter_card":"summary_large_image","twitter_misc":{"Dur\u00e9e de lecture estim\u00e9e":"3 minutes"},"schema":{"@context":"https:\/\/schema.org","@graph":[{"@type":"WebPage","@id":"https:\/\/artmonia.fr\/?page_id=131","url":"https:\/\/artmonia.fr\/?page_id=131","name":"Blog - Artmonia","isPartOf":{"@id":"https:\/\/artmonia.fr\/#website"},"primaryImageOfPage":{"@id":"https:\/\/artmonia.fr\/?page_id=131#primaryimage"},"image":{"@id":"https:\/\/artmonia.fr\/?page_id=131#primaryimage"},"thumbnailUrl":"http:\/\/artmonia.fr\/wp-content\/uploads\/2022\/12\/Facebook-300x298.png","datePublished":"2022-12-11T17:08:28+00:00","dateModified":"2023-05-02T10:37:20+00:00","description":"Retrouvez dans mon blog des astuces, des conseils pour prendre soin de vous, de votre sant\u00e9 au naturel ;-)","breadcrumb":{"@id":"https:\/\/artmonia.fr\/?page_id=131#breadcrumb"},"inLanguage":"fr-FR","potentialAction":[{"@type":"ReadAction","target":["https:\/\/artmonia.fr\/?page_id=131"]}]},{"@type":"ImageObject","inLanguage":"fr-FR","@id":"https:\/\/artmonia.fr\/?page_id=131#primaryimage","url":"https:\/\/artmonia.fr\/wp-content\/uploads\/2022\/12\/Facebook.png","contentUrl":"https:\/\/artmonia.fr\/wp-content\/uploads\/2022\/12\/Facebook.png","width":947,"height":942,"caption":"Facebook"},{"@type":"BreadcrumbList","@id":"https:\/\/artmonia.fr\/?page_id=131#breadcrumb","itemListElement":[{"@type":"ListItem","position":1,"name":"Home","item":"https:\/\/artmonia.fr\/"},{"@type":"ListItem","position":2,"name":"Blog"}]},{"@type":"WebSite","@id":"https:\/\/artmonia.fr\/#website","url":"https:\/\/artmonia.fr\/","name":"Artmonia","description":"Yoga, Fascias et Coaching","publisher":{"@id":"https:\/\/artmonia.fr\/#organization"},"potentialAction":[{"@type":"SearchAction","target":{"@type":"EntryPoint","urlTemplate":"https:\/\/artmonia.fr\/?s={search_term_string}"},"query-input":{"@type":"PropertyValueSpecification","valueRequired":true,"valueName":"search_term_string"}}],"inLanguage":"fr-FR"},{"@type":"Organization","@id":"https:\/\/artmonia.fr\/#organization","name":"Artmonia","url":"https:\/\/artmonia.fr\/","logo":{"@type":"ImageObject","inLanguage":"fr-FR","@id":"https:\/\/artmonia.fr\/#\/schema\/logo\/image\/","url":"http:\/\/artmonia.fr\/wp-content\/uploads\/2022\/12\/Icone-Artmonia.png","contentUrl":"http:\/\/artmonia.fr\/wp-content\/uploads\/2022\/12\/Icone-Artmonia.png","width":1189,"height":897,"caption":"Artmonia"},"image":{"@id":"https:\/\/artmonia.fr\/#\/schema\/logo\/image\/"},"sameAs":["https:\/\/www.instagram.com\/artmoniayoga\/"]}]}},"_links":{"self":[{"href":"https:\/\/artmonia.fr\/index.php?rest_route=\/wp\/v2\/pages\/131","targetHints":{"allow":["GET"]}}],"collection":[{"href":"https:\/\/artmonia.fr\/index.php?rest_route=\/wp\/v2\/pages"}],"about":[{"href":"https:\/\/artmonia.fr\/index.php?rest_route=\/wp\/v2\/types\/page"}],"author":[{"embeddable":true,"href":"https:\/\/artmonia.fr\/index.php?rest_route=\/wp\/v2\/users\/1"}],"replies":[{"embeddable":true,"href":"https:\/\/artmonia.fr\/index.php?rest_route=%2Fwp%2Fv2%2Fcomments&post=131"}],"version-history":[{"count":10,"href":"https:\/\/artmonia.fr\/index.php?rest_route=\/wp\/v2\/pages\/131\/revisions"}],"predecessor-version":[{"id":693,"href":"https:\/\/artmonia.fr\/index.php?rest_route=\/wp\/v2\/pages\/131\/revisions\/693"}],"wp:attachment":[{"href":"https:\/\/artmonia.fr\/index.php?rest_route=%2Fwp%2Fv2%2Fmedia&parent=131"}],"curies":[{"name":"wp","href":"https:\/\/api.w.org\/{rel}","templated":true}]}}